 ten thousands digit of 24246?
2
What is the hundreds digit of 92574?
5
What is the thousands digit of 31855?
1
What is the units digit of 2591425?
5
What is the hundreds digit of 203084?
0
What is the millions digit of 2144216?
2
What is the millions digit of 1775705?
1
What is the units digit of 1011071?
1
What is the tens digit of 214627?
2
What is the tens digit of 293538?
3
What is the millions digit of 1945605?
1
What is the ten millions digit of 12166371?
1
What is the units digit of 1835291?
1
What is the tens digit of 309847?
4
What is the tens digit of 20846794?
9
What is the tens digit of 8064031?
3
What is the millions digit of 2877841?
2
What is the hundred thousands digit of 653704?
6
What is the tens digit of 34119?
1
What is the hundred thousands digit of 2763841?
7
What is the millions digit of 6537164?
6
What is the hundred thousands digit of 378848?
3
What is the hundred thousands digit of 4167917?
1
What is the hundreds digit of 43273?
2
What is the thousands digit of 3698358?
8
What is the hundred thousands digit of 7058581?
0
What is the hundred thousands digit of 1395663?
3
What is the thousands digit of 29790?
9
What is the units digit of 525726?
6
What is the hundred thousands digit of 429426?
4
What is the thousands digit of 754949?
4
What is the hundred thousands digit of 9258733?
2
What is the hundred thousands digit of 859860?
8
What is the thousands digit of 1042737?
2
What is the ten thousands digit of 142267?
4
What is the ten millions digit of 10816202?
1
What is the thousands digit of 22988?
2
What is the units digit of 4668?
8
What is the units digit of 4400649?
9
What is the units digit of 162317?
7
What is the millions digit of 1116822?
1
What is the units digit of 7239412?
2
What is the hundreds digit of 1256191?
1
What is the ten thousands digit of 21582135?
8
What is the hundred thousands digit of 8528348?
5
What is the tens digit of 3616886?
8
What is the thousands digit of 1612074?
2
What is the tens digit of 52110?
1
What is the units digit of 732172?
2
What is the millions digit of 1245844?
1
What is the thousands digit of 535654?
5
What is the tens digit of 944261?
6
What is the units digit of 344378?
8
What is the units digit of 135?
5
What is the ten thousands digit of 708611?
0
What is the units digit of 1776289?
9
What is the thousands digit of 306859?
6
What is the millions digit of 9159366?
9
What is the thousands digit of 120943?
0
What is the units digit of 237965?
5
What is the ten thousands digit of 1371506?
7
What is the ten thousands digit of 46286?
4
What is the ten thousands digit of 387389?
8
What is the tens digit of 192670?
7
What is the millions digit of 12034459?
2
What is the tens digit of 609466?
6
What is the hundred thousands digit of 798313?
7
What is the hundreds digit of 365672?
6
What is the thousands digit of 1793864?
3
What is the ten thousands digit of 4107996?
0
What is the tens digit of 97228?
2
What is the tens digit of 94666?
6
What is the millions digit of 39041682?
9
What is the thousands digit of 5565541?
5
What is the units digit of 28205?
5
What is the thousands digit of 2982897?
2
What is the ten thousands digit of 137096?
3
What is the hundreds digit of 320164?
1
What is the ten millions digit of 11012353?
1
What is the hundred thousands digit of 134185?
1
What is the thousands digit of 2263143?
3
What is the tens digit of 126682?
8
What is the tens digit of 4279134?
3
What is the hundred thousands digit of 1584063?
5
What is the hundred thousands digit of 403245?
4
What is the units digit of 128942?
2
What is the tens digit of 105857?
5
What is the units digit of 1835377?
7
What is the tens digit of 2551522?
2
What is the thousands digit of 5710660?
0
What is the ten thousands digit of 376106?
7
What is the ten thousands digit of 1297467?
9
What is the thousands digit of 26903?
6
What is the thousands digit of 1564416?
4
What is the hundreds digit of 4797987?
9
What is the ten thousands digit of 186419?
8
What is the units digit of 34307300?
0
What is the hundreds digit of 9098403?
4
What is the millions digit of 18632653?
8
What is the tens digit of 5434433?
3
What is the hundreds digit of 250253?
2
What is the hundred thousands digit of 955763?
9
What is the units digit of 477542?
2
What is the thousands digit of 605430?
5
What is the hundred thousands digit of 465370?
4
What is the units digit of 4909?
9
What is the tens digit of 580039?
3
What is the millions digit of 1623268?
1
What is the hundred thousands digit of 1176365?
1
What is the thousands digit of 8522049?
2
What is the hundred thousands digit of 4529655?
5
What is the ten thousands digit of 225417?
2
What is the hundreds digit of 36235716?
7
What is the tens digit of 44999?
9
What is the hundreds digit of 169467?
4
What is the hundred thousands digit of 206748?
2
What is the ten thousands digit of 422385?
2
What is the ten thousands digit of 547369?
4
What is the tens digit of 25706844?
4
What is the units digit of 2941378?
8
What is the hundred thousands digit of 783634?
7
What is the hundreds digit of 842038?
0
What is the thousands digit of 261470?
1
What is the thousands digit of 317747?
7
What is the units digit of 442637?
7
What is the units digit of 342258?
8
What is the tens digit of 13617059?
5
What is the ten thousands digit of 610975?
1
What is the ten thousands digit of 11996?
1
What is the ten thousands digit of 208514?
0
What is the millions digit of 4685813?
4
What is the ten thousands digit of 245413?
4
What is the ten thousands digit of 1756622?
5
What is the hundreds digit of 24541547?
5
What is the units digit of 101214?
4
What is the ten thousands digit of 3528281?
2
What is the ten millions digit of 18026845?
1
What is the tens digit of 119879?
7
What is the units digit of 34133?
3
What is the thousands digit of 5416370?
6
What is the millions digit of 29875743?
9
What is the hundred thousands digit of 5976738?
9
What is the tens digit of 217548?
4
What is the units digit of 217373?
3
What is the units digit of 433401?
1
What is the ten thousands digit of 64196?
6
What is the millions digit of 10055621?
0
What is the hundreds digit of 9393288?
2
What is the millions digit of 11178077?
1
What is the hundred thousands digit of 5853398?
8
What is the hundred thousands digit of 39599599?
5
What is the millions digit of 3064863?
3
What is the tens digit of 102179?
7
What is the units digit of 3223823?
3
What is the tens digit of 645588?
8
What is the ten thousands digit of 91956?
9
What is the units digit of 263034?
4
What is the thousands digit of 1658569?
8
What is the thousands digit of 15953470?
3
What is the millions digit of 26496923?
6
What is the ten thousands digit of 5035654?
3
What is the units digit of 6012575?
5
What is the units digit of 1273833?
3
What is the thousands digit of 854348?
4
What is the millions digit of 5992679?
5
What is the hundred thousands digit of 454038?
4
What is the thousands digit of 544495?
4
What is the ten thousands digit of 1061197?
6
What is the thousands digit of 4267954?
7
What is the ten millions digit of 12712487?
1
What is the hundreds digit of 17296663?
6
What is the ten thousands digit of 1025050?
2
What is the thousands digit of 222529?
2
What is the ten thousands digit of 404169?
0
What is the thousands digit of 2047932?
7
What is the thousands digit of 219034?
9
What is the hundred thousands digit of 217993?
2
What is the hundred thousands digit of 1306211?
3
What is the hundreds digit of 12163605?
6
What is the units digit of 170612?
2
What is the hundred thousands digit of 849361?
8
What is the millions digit of 4396652?
4
What is the tens digit of 4911209?
0
What is the ten millions digit of 14834152?
1
What is the tens digit of 3557058?
5
What is the units digit of 313287?
7
What is the hundreds digit of 3219802?
8
What is the hundred thousands digit of 429521?
4
What is the hundreds digit of 3430160?
1
What is the tens digit of 4953683?
8
What is the units digit of 1149424?
4
What is the millions digit of 40047531?
0
What is the hundreds digit of 117109?
1
What is the units digit of 2135914?
4
What is the tens digit of 488015?
1
What is the units digit of 427417?
7
What is the ten thousands digit of 244648?
4
What 